ctor of 23398?
False
Is 286 a factor of 22022?
True
Is 3 a factor of 188?
False
Is 4 a factor of 126?
False
Is 89 a factor of 17555?
False
Is 420 a multiple of 20?
True
Does 67 divide 2010?
True
Does 49 divide 25105?
False
Is 41 a factor of 17864?
False
Is 2 a factor of 4864?
True
Is 2086 a multiple of 7?
True
Does 158 divide 21014?
True
Is 20430 a multiple of 90?
True
Does 7 divide 9891?
True
Is 979 a multiple of 12?
False
Is 33 a factor of 347?
False
Is 1066 a multiple of 82?
True
Is 2 a factor of 297?
False
Does 31 divide 6741?
False
Is 250 a multiple of 5?
True
Does 7 divide 210?
True
Is 33 a factor of 332?
False
Is 10 a factor of 36858?
False
Is 33 a factor of 16005?
True
Is 11 a factor of 38566?
True
Is 771 a multiple of 59?
False
Does 14 divide 9252?
False
Is 254 a multiple of 5?
False
Is 19 a factor of 2375?
True
Does 115 divide 17595?
True
Does 88 divide 880?
True
Is 6 a factor of 846?
True
Does 32 divide 1870?
False
Does 47 divide 47?
True
Is 277 a multiple of 17?
False
Is 56 a factor of 51128?
True
Does 25 divide 998?
False
Does 15 divide 49?
False
Is 9653 a multiple of 127?
False
Is 13005 a multiple of 27?
False
Is 4875 a multiple of 13?
True
Is 2292 a multiple of 33?
False
Does 55 divide 68904?
False
Is 33840 a multiple of 144?
True
Does 68 divide 493?
False
Is 195 a factor of 37440?
True
Is 26 a factor of 24113?
False
Does 11 divide 5063?
False
Is 19 a factor of 3648?
True
Is 48 a factor of 1200?
True
Is 1862 a multiple of 19?
True
Does 5 divide 20482?
False
Is 1010 a multiple of 160?
False
Is 91354 a multiple of 42?
False
Is 808 a multiple of 32?
False
Is 157 a factor of 11244?
False
Is 9550 a multiple of 96?
False
Does 10 divide 18897?
False
Is 9544 a multiple of 17?
False
Does 9 divide 449?
False
Is 32 a factor of 14112?
True
Is 117 a multiple of 9?
True
Is 95 a factor of 5389?
False
Does 18 divide 929?
False
Is 53 a factor of 5035?
True
Is 44 a factor of 77616?
True
Is 4007 a multiple of 13?
False
Is 338 a factor of 54690?
False
Is 576 a multiple of 16?
True
Does 13 divide 338?
True
Is 17 a factor of 15698?
False
Does 8 divide 147?
False
Is 24136 a multiple of 28?
True
Is 3934 a multiple of 54?
False
Is 9540 a multiple of 53?
True
Does 83 divide 21331?
True
Is 224 a factor of 26880?
True
Does 43 divide 4921?
False
Does 25 divide 65112?
False
Does 104 divide 27374?
False
Does 13 divide 1655?
False
Is 1199 a multiple of 11?
True
Is 81 a multiple of 34?
False
Is 27 a factor of 59697?
True
Does 73 divide 36336?
False
Does 56 divide 45360?
True
Is 48 a multiple of 48?
True
Does 137 divide 50142?
True
Is 24 a factor of 288?
True
Does 9 divide 9?
True
Does 18 divide 97470?
True
Is 17831 a multiple of 35?
False
Does 69 divide 2898?
True
Is 21 a factor of 6805?
False
Does 26 divide 920?
False
Is 18564 a multiple of 26?
True
Is 518 a multiple of 14?
True
Is 24 a factor of 147?
False
Does 10 divide 3642?
False
Is 18 a factor of 720?
True
Is 67 a factor of 1139?
True
Is 112 a factor of 8610?
False
Is 1248 a multiple of 17?
False
Does 4 divide 1456?
True
Does 31 divide 15698?
False
Is 31 a factor of 567?
False
Does 70 divide 19331?
False
Is 22 a factor of 41981?
False
Does 19 divide 1525?
False
Is 37408 a multiple of 16?
True
Is 20 a multiple of 11?
False
Is 22950 a multiple of 45?
True
Is 840 a multiple of 30?
True
Does 39 divide 8960?
False
Is 21 a factor of 1027?
False
Does 24 divide 1992?
True
Is 141 a multiple of 3?
True
Does 30 divide 308?
False
Is 28 a factor of 2912?
True
Is 941 a multiple of 36?
False
Is 13 a factor of 6305?
True
Is 7 a factor of 2401?
True
Is 10 a factor of 3240?
True
Does 242 divide 34122?
True
Is 6 a factor of 850?
False
Is 22 a factor of 14856?
False
Does 88 divide 144?
False
Is 55 a factor of 739?
False
Is 6529 a multiple of 73?
False
Is 182 a factor of 3198?
False
Is 42 a factor of 6485?
False
Is 87068 a multiple of 41?
False
Is 1766 a multiple of 10?
False
Is 1482 a multiple of 10?
False
Is 71 a factor of 12993?
True
Does 299 divide 88551?
False
Does 39 divide 3744?
True
Is 34 a factor of 3663?
False
Is 12688 a multiple of 52?
True
Is 5680 a multiple of 80?
True
Does 80 divide 2922?
False
Is 840 a multiple of 56?
True
Is 327 a factor of 67744?
False
Does 13 divide 8775?
True
Does 18 divide 6695?
False
Is 4902 a multiple of 38?
True
Does 40 divide 21160?
True
Is 41 a factor of 1595?
False
Does 68 divide 948?
False
Does 10 divide 16877?
False
Does 26 divide 702?
True
Does 22 divide 922?
False
Does 10 divide 2781?
False
Is 570 a multiple of 10?
True
Is 16 a factor of 1979?
False
Is 10 a factor of 160?
True
Is 7155 a multiple of 45?
True
Is 50 a factor of 28793?
False
Does 7 divide 6615?
True
Is 4 a factor of 239?
False
Is 630 a multiple of 49?
False
Is 50808 a multiple of 24?
True
Is 220 a multiple of 110?
True
Does 15 divide 585?
True
Is 9972 a multiple of 3?
True
Is 918 a multiple of 27?
True
Is 2376 a multiple of 54?
True
Does 7 divide 314?
False
Is 40 a factor of 1062?
False
Does 10 divide 13250?
True
Is 769 a multiple of 42?
False
Is 52 a factor of 18010?
False
Does 21 divide 42?
True
Is 9 a factor of 2915?
False
Is 3419 a multiple of 12?
False
Is 26 a factor of 3145?
False
Is 1760 a multiple of 40?
True
Is 103 a factor of 2369?
True
Is 153 even?
False
Does 3 divide 3472?
False
Does 5 divide 2570?
True
Is 4017 a multiple of 13?
True
Is 683 a multiple of 26?
False
Is 58 a factor of 973?
False
Is 38 even?
True
Is 16 a factor of 544?
True
Does 25 divide 1275?
True
Is 79 a multiple of 4?
False
Does 42 divide 21800?
False
Is 190 a factor of 12739?
False
Does 9 divide 1053?
True
Is 16 a factor of 18?
False
Is 366 a multiple of 4?
False
Does 34 divide 12648?
True
Does 70 divide 210?
True
Is 444 a multiple of 15?
False
Is 423 a multiple of 47?
True
Is 8352 a multiple of 32?
True
Is 368 a multiple of 19?
False
Does 21 divide 469?
False
Is 396 a multiple of 7?
False
Does 74 divide 61060?
False
Does 68 divide 15811?
False
Is 118 a factor of 7307?
False
Is 93 a factor of 7344?
False
Is 1122 a multiple of 17?
True
Is 381 a multiple of 86?
False
Is 3110 a multiple of 12?
False
Does 17 divide 1547?
True
Does 3 divide 7424?
False
Is 1513 a multiple of 89?
True
Is 9 a factor of 883?
False
Is 28 a factor of 67172?
True
Is 510 a multiple of 10?
True
Is 75 a factor of 1841?
False
Does 21 divide 1015?
False
Is 4362 a multiple of 4?
False
Is 805 a multiple of 35?
True
Does 124 divide 15128?
True
Is 18 a factor of 35721?
False
Is 27 a factor of 15531?
False
Is 112 a factor of 10080?
True
Is 528 a multiple of 44?
True
Does 22 divide 1225?
False
Is 61 a factor of 7625?
True
Does 47 divide 7473?
True
Does 16 divide 29776?
True
Is 54 a factor of 2808?
True
Is 12 a factor of 97?
False
Does 38 divide 78081?
False
Is 13187 a multiple of 4?
False
Does 10 divide 3766?
False
Is 10 a factor of 62000?
True
Does 114 divide 6195?
False
Is 25 a factor of 457?
False
Does 42 divide 278?
False
Is 38 a factor of 1403?
False
Is 1820 a multiple of 70?
True
Does 3 divide 3344?
False
Is 667 a multiple of 6?
False
Is 549 a multiple of 9?
True
Does 13 divide 533?
True
Is 4464 a multiple of 18?
True
Is 1879 a multiple of 5?
False
Does 2 divide 1124?
True
Is 7656 a multiple of 29?
True
Does 23 divide 988?
False
Is 3518 a multiple of 71?
False
Is 33 a factor of 8194?
False
Is 71 a factor of 1704?
True
Does 8 divide 224?
True
Is 1296 a multiple of 116?
False
Does 40 divide 4895?
False
Is 18 a factor of 746?
False
Does 41 divide 41?
True
Is 10002 a multiple of 27?
False
Is 281 a factor of 56557?
False
Is 2 a factor of 319?
False
Does 221 divide 6545?
False
Is 57631 a multiple of 10?
False
Is 13 a factor of 2353?
True
Is 382 a factor of 120889?
False
Does 22 divide 2332?
True
Does 6 divide 288?
True
Is 3328 a multiple of 44?
False
Does 5 divide 140?
True
Is 4056 a multiple of 26?
True
Is 1217 a multiple of 12?
False
Does 87 divide 4524?
True
Does 40 divide 34149?
False
Is 152 a factor of 48184?
True
Is 11 a factor of 6765?
True
Is 476 a multiple of 17?
True
Is 29 a factor of 5647?
False
Is 4207 a multiple of 65?
False
Is 139 a factor of 27939?
True
Does 11 divide 7199?
False
Does 36 divide 6873?
False
Does 57 divide 14934?
True
Is 9 a factor of 999?
True
Is 741 a multiple of 13?
True
Is 4 a factor of 169?
False
Is 2040 a multiple of 12?
True
Does 21 di